{"id":862,"date":"2011-09-23T15:15:41","date_gmt":"2011-09-23T15:15:41","guid":{"rendered":"http:\/\/rttheme16.templatemints.com\/?page_id=5"},"modified":"2026-03-25T10:39:39","modified_gmt":"2026-03-25T10:39:39","slug":"impressum","status":"publish","type":"page","link":"https:\/\/schmier.at\/index.php\/impressum\/","title":{"rendered":"Impressum"},"content":{"rendered":"\t\t<div data-elementor-type=\"wp-page\" data-elementor-id=\"862\" class=\"elementor elementor-862\" data-elementor-post-type=\"page\">\n\t\t\t\t\t\t<section class=\"elementor-section elementor-top-section elementor-element elementor-element-1de174c0 elementor-section-content-middle row-style-1 wpbits-el-parallax-background elementor-section-boxed elementor-section-height-default elementor-section-height-default\" data-id=\"1de174c0\" data-element_type=\"section\" data-e-type=\"section\" data-settings=\"{&quot;background_background&quot;:&quot;classic&quot;,&quot;rt_color_sets&quot;:&quot;row-style-1&quot;,&quot;wpb_parallax&quot;:&quot;wpbits-el-parallax-background&quot;,&quot;wpb_bg_parallax_effect&quot;:&quot;4&quot;,&quot;wpb_bg_parallax_speed&quot;:&quot;1&quot;}\">\n\t\t\t\t\t\t<div class=\"elementor-container elementor-column-gap-default\">\n\t\t\t\t\t<div class=\"elementor-column elementor-col-50 elementor-top-column elementor-element elementor-element-7949f776\" data-id=\"7949f776\" data-element_type=\"column\" data-e-type=\"column\">\n\t\t\t<div class=\"elementor-widget-wrap elementor-element-populated\">\n\t\t\t\t\t\t<div class=\"elementor-element elementor-element-65610eb9 elementor-widget elementor-widget-heading\" data-id=\"65610eb9\" data-element_type=\"widget\" data-e-type=\"widget\" data-widget_type=\"heading.default\">\n\t\t\t\t\t<h1 class=\"elementor-heading-title elementor-size-default\">\u00fcber uns<\/h1>\t\t\t\t<\/div>\n\t\t\t\t<div class=\"elementor-element elementor-element-c1c1764 elementor-widget elementor-widget-text-editor\" data-id=\"c1c1764\" data-element_type=\"widget\" data-e-type=\"widget\" data-widget_type=\"text-editor.default\">\n\t\t\t\t\t\t\t\t\t<p>Schmier.at ist ein spezialisierter Anbieter f\u00fcr Schmierstoffe und industrielle L\u00f6sungen. Als Projekt der JosS d.o.o. mit \u00fcber 30 Jahren Erfahrung bieten wir hochwertige Produkte und zuverl\u00e4ssige Beratung f\u00fcr Industrie, Handwerk und Technik.<\/p>\t\t\t\t\t\t\t\t<\/div>\n\t\t\t\t\t<\/div>\n\t\t<\/div>\n\t\t\t\t<div class=\"elementor-column elementor-col-50 elementor-top-column elementor-element elementor-element-44daab0e\" data-id=\"44daab0e\" data-element_type=\"column\" data-e-type=\"column\">\n\t\t\t<div class=\"elementor-widget-wrap elementor-element-populated\">\n\t\t\t\t\t\t<section class=\"elementor-section elementor-inner-section elementor-element elementor-element-31463e06 elementor-section-content-middle elementor-section-boxed elementor-section-height-default elementor-section-height-default default-style\" data-id=\"31463e06\" data-element_type=\"section\" data-e-type=\"section\" data-settings=\"{&quot;rt_color_sets&quot;:&quot;default-style&quot;}\">\n\t\t\t\t\t\t<div class=\"elementor-container elementor-column-gap-no\">\n\t\t\t\t\t<div class=\"elementor-column elementor-col-100 elementor-inner-column elementor-element elementor-element-1d4023d9\" data-id=\"1d4023d9\" data-element_type=\"column\" data-e-type=\"column\">\n\t\t\t<div class=\"elementor-widget-wrap elementor-element-populated\">\n\t\t\t\t\t\t<div class=\"elementor-element elementor-element-5a0b2e83 wpbits-parallax-effects elementor-absolute elementor-widget elementor-widget-wpb-tooltip\" data-id=\"5a0b2e83\" data-element_type=\"widget\" data-e-type=\"widget\" data-settings=\"{&quot;wpbits_afe_pro_parallax&quot;:&quot;wpbits-parallax-effects&quot;,&quot;wpbits_afe_pro_translate_y&quot;:&quot;true&quot;,&quot;wpbits_afe_pro_parallax_y&quot;:{&quot;unit&quot;:&quot;px&quot;,&quot;size&quot;:-100,&quot;sizes&quot;:[]},&quot;_position&quot;:&quot;absolute&quot;,&quot;wpbits_afe_pro_parallax_y_to&quot;:{&quot;unit&quot;:&quot;px&quot;,&quot;size&quot;:0,&quot;sizes&quot;:[]},&quot;wpbits_afe_pro_parallax_y_start&quot;:{&quot;unit&quot;:&quot;px&quot;,&quot;size&quot;:0,&quot;sizes&quot;:[]},&quot;wpbits_afe_pro_parallax_y_end&quot;:{&quot;unit&quot;:&quot;px&quot;,&quot;size&quot;:0,&quot;sizes&quot;:[]}}\" data-widget_type=\"wpb-tooltip.default\">\n\t\t\t\t<div class=\"elementor-widget-container\">\n\t\t\t\t\t        <div class=\"wpb-tooltip-wrapper\" data-tpid=\"wpb-tooltip-5a0b2e83 animated fast \" data-followmouse=\"false\" data-motp=\"false\" data-placement=\"s\" data-smart=\"true\" data-offset=\"15\">\n        <div class=\"wpb-tooltip wpb-tooltip-type-image\" data-powertip=\"&lt;h3&gt;Heading&lt;\/h3&gt;\nLorem ipsum dolor sit amet, consectetur adipiscing elit. Pellentesque lorem fermentum massa vel enim feugiat gravida.\"><img fetchpriority=\"high\" decoding=\"async\" width=\"768\" height=\"256\" src=\"https:\/\/schmier.at\/wp-content\/uploads\/2026\/03\/Schmier_Slide_2-768x256.jpg\" class=\"attachment-medium_large size-medium_large wp-image-4097\" alt=\"\" srcset=\"https:\/\/schmier.at\/wp-content\/uploads\/2026\/03\/Schmier_Slide_2-768x256.jpg 768w, https:\/\/schmier.at\/wp-content\/uploads\/2026\/03\/Schmier_Slide_2-300x100.jpg 300w, https:\/\/schmier.at\/wp-content\/uploads\/2026\/03\/Schmier_Slide_2-1024x341.jpg 1024w, https:\/\/schmier.at\/wp-content\/uploads\/2026\/03\/Schmier_Slide_2-600x200.jpg 600w, https:\/\/schmier.at\/wp-content\/uploads\/2026\/03\/Schmier_Slide_2.jpg 1500w\" sizes=\"(max-width: 768px) 100vw, 768px\" \/><\/div>        <\/div>\n   \t\t\t\t<\/div>\n\t\t\t\t<\/div>\n\t\t\t\t<div class=\"elementor-element elementor-element-2915167 wpbits-parallax-effects elementor-widget elementor-widget-wpb-tooltip\" data-id=\"2915167\" data-element_type=\"widget\" data-e-type=\"widget\" data-settings=\"{&quot;wpbits_afe_pro_parallax&quot;:&quot;wpbits-parallax-effects&quot;,&quot;wpbits_afe_pro_translate_y&quot;:&quot;true&quot;,&quot;wpbits_afe_pro_parallax_y_to&quot;:{&quot;unit&quot;:&quot;px&quot;,&quot;size&quot;:-50,&quot;sizes&quot;:[]},&quot;wpbits_afe_pro_parallax_y&quot;:{&quot;unit&quot;:&quot;px&quot;,&quot;size&quot;:0,&quot;sizes&quot;:[]},&quot;wpbits_afe_pro_parallax_y_start&quot;:{&quot;unit&quot;:&quot;px&quot;,&quot;size&quot;:0,&quot;sizes&quot;:[]},&quot;wpbits_afe_pro_parallax_y_end&quot;:{&quot;unit&quot;:&quot;px&quot;,&quot;size&quot;:0,&quot;sizes&quot;:[]}}\" data-widget_type=\"wpb-tooltip.default\">\n\t\t\t\t<div class=\"elementor-widget-container\">\n\t\t\t\t\t        <div class=\"wpb-tooltip-wrapper\" data-tpid=\"wpb-tooltip-2915167 animated fast none\" data-followmouse=\"false\" data-motp=\"false\" data-placement=\"n\" data-smart=\"true\" data-offset=\"15\">\n        <div class=\"wpb-tooltip wpb-tooltip-type-image\" data-powertip=\"&lt;h3&gt;Heading&lt;\/h3&gt;\nLorem ipsum dolor sit amet, consectetur adipiscing elit. Pellentesque lorem fermentum massa vel enim feugiat gravida.\"><img decoding=\"async\" width=\"768\" height=\"256\" src=\"https:\/\/schmier.at\/wp-content\/uploads\/2026\/03\/Schmier_Slide-768x256.jpg\" class=\"attachment-medium_large size-medium_large wp-image-4090\" alt=\"\" srcset=\"https:\/\/schmier.at\/wp-content\/uploads\/2026\/03\/Schmier_Slide-768x256.jpg 768w, https:\/\/schmier.at\/wp-content\/uploads\/2026\/03\/Schmier_Slide-300x100.jpg 300w, https:\/\/schmier.at\/wp-content\/uploads\/2026\/03\/Schmier_Slide-1024x341.jpg 1024w, https:\/\/schmier.at\/wp-content\/uploads\/2026\/03\/Schmier_Slide-600x200.jpg 600w, https:\/\/schmier.at\/wp-content\/uploads\/2026\/03\/Schmier_Slide.jpg 1500w\" sizes=\"(max-width: 768px) 100vw, 768px\" \/><\/div>        <\/div>\n   \t\t\t\t<\/div>\n\t\t\t\t<\/div>\n\t\t\t\t\t<\/div>\n\t\t<\/div>\n\t\t\t\t\t<\/div>\n\t\t<\/section>\n\t\t\t\t\t<\/div>\n\t\t<\/div>\n\t\t\t\t\t<\/div>\n\t\t<\/section>\n\t\t\t\t<section class=\"elementor-section elementor-top-section elementor-element elementor-element-42b7c640 row-style-2 elementor-section-boxed elementor-section-height-default elementor-section-height-default\" data-id=\"42b7c640\" data-element_type=\"section\" data-e-type=\"section\" data-settings=\"{&quot;rt_color_sets&quot;:&quot;row-style-2&quot;}\">\n\t\t\t\t\t\t<div class=\"elementor-container elementor-column-gap-default\">\n\t\t\t\t\t<div class=\"elementor-column elementor-col-100 elementor-top-column elementor-element elementor-element-2a67bb6a\" data-id=\"2a67bb6a\" data-element_type=\"column\" data-e-type=\"column\">\n\t\t\t<div class=\"elementor-widget-wrap elementor-element-populated\">\n\t\t\t\t\t\t<div class=\"elementor-element elementor-element-1ae34798 elementor-widget elementor-widget-wpb-heading\" data-id=\"1ae34798\" data-element_type=\"widget\" data-e-type=\"widget\" data-widget_type=\"wpb-heading.default\">\n\t\t\t\t<div class=\"elementor-widget-container\">\n\t\t\t\t\t<h2 class=\"wpbits-heading\"><span>Impressum<\/span><\/h2>\t\t\t\t<\/div>\n\t\t\t\t<\/div>\n\t\t\t\t<div class=\"elementor-element elementor-element-bb7f373 elementor-widget elementor-widget-text-editor\" data-id=\"bb7f373\" data-element_type=\"widget\" data-e-type=\"widget\" data-widget_type=\"text-editor.default\">\n\t\t\t\t\t\t\t\t\t<h2 data-section-id=\"ygsynu\" data-start=\"153\" data-end=\"196\">Angaben gem\u00e4\u00df \u00a7 5 ECG, \u00a7 25 Mediengesetz<\/h2><p data-start=\"198\" data-end=\"232\"><strong data-start=\"198\" data-end=\"219\">Websitebetreiber:<\/strong><br data-start=\"219\" data-end=\"222\" \/>Schmier.at<\/p><p data-start=\"234\" data-end=\"264\"><strong data-start=\"234\" data-end=\"250\">Unternehmen:<\/strong><br data-start=\"250\" data-end=\"253\" \/>JosS d.o.o.<\/p><p data-start=\"266\" data-end=\"382\"><strong data-start=\"266\" data-end=\"295\">Firmenname (vollst\u00e4ndig):<\/strong><br data-start=\"295\" data-end=\"298\" \/>JOSS podjetje za trgovino in storitve d.o.o.<\/p><p data-start=\"384\" data-end=\"497\"><strong data-start=\"384\" data-end=\"410\">Sitz des Unternehmens:<\/strong><br data-start=\"410\" data-end=\"413\" \/>Sokolska ulica 45<br data-start=\"430\" data-end=\"433\" \/>2000 Maribor<br data-start=\"445\" data-end=\"448\" \/>Slowenien<\/p><hr data-start=\"499\" data-end=\"502\" \/><h2 data-section-id=\"c7dnno\" data-start=\"504\" data-end=\"528\">Firmenbuch \/ Register<\/h2><p data-start=\"530\" data-end=\"697\">Eingetragen beim: Okro\u017eno sodi\u0161\u010de Maribor (Slowenien) <br data-start=\"621\" data-end=\"624\" \/>Firmenbuchnummer (M\u0160): 5601509000<\/p><hr data-start=\"699\" data-end=\"702\" \/><h2 data-section-id=\"iyv3h9\" data-start=\"704\" data-end=\"729\">UID-Nummer (USt-IdNr.)<\/h2><p data-start=\"731\" data-end=\"781\">SI29169780<\/p><hr data-start=\"783\" data-end=\"786\" \/><h2 data-section-id=\"fyhet5\" data-start=\"788\" data-end=\"820\">Vertretungsberechtigte Person<\/h2><p data-start=\"822\" data-end=\"891\">Gesch\u00e4ftsf\u00fchrer: Josip Vla\u0161i\u0107<\/p><hr data-start=\"893\" data-end=\"896\" \/><h2 data-section-id=\"su23et\" data-start=\"898\" data-end=\"908\">Kontakt<\/h2><p data-start=\"910\" data-end=\"1099\">Telefon: +386 2 421 57 20 <br data-start=\"973\" data-end=\"976\" \/>Mobil: +386 41 705 509 <br data-start=\"1036\" data-end=\"1039\" \/>E-Mail: <a class=\"decorated-link cursor-pointer\" rel=\"noopener\" data-start=\"1047\" data-end=\"1059\">joss@joss.si<\/a><\/p><hr data-start=\"1101\" data-end=\"1104\" \/><h2 data-section-id=\"1neyy7d\" data-start=\"1106\" data-end=\"1131\">Unternehmensgegenstand<\/h2><p data-start=\"1133\" data-end=\"1301\">Handel und Vertrieb von Schmierstoffen, Metallbearbeitungs\u00f6len, Emulsionen, Reinigungs- und Wartungsprodukten sowie technischen L\u00f6sungen f\u00fcr industrielle Anwendungen.<\/p><p data-start=\"1303\" data-end=\"1451\">Das Unternehmen ist seit \u00fcber 30 Jahren Generalvertreter der Marke Jokisch in mehreren europ\u00e4ischen L\u00e4ndern.<\/p><hr data-start=\"1453\" data-end=\"1456\" \/><h2 data-section-id=\"buz44s\" data-start=\"1458\" data-end=\"1490\">Anwendbare Rechtsvorschriften<\/h2><p data-start=\"1492\" data-end=\"1588\">Es gelten die einschl\u00e4gigen gewerbe- und handelsrechtlichen Vorschriften der Republik Slowenien.<\/p><hr data-start=\"1590\" data-end=\"1593\" \/><h2 data-section-id=\"ifovly\" data-start=\"1595\" data-end=\"1625\">Zust\u00e4ndige Aufsichtsbeh\u00f6rde<\/h2><p data-start=\"1627\" data-end=\"1670\">Zust\u00e4ndige Beh\u00f6rde nach slowenischem Recht.<\/p><hr data-start=\"1672\" data-end=\"1675\" \/><h2 data-section-id=\"mq1534\" data-start=\"1677\" data-end=\"1709\">Medieninhaber und Herausgeber<\/h2><p data-start=\"1711\" data-end=\"1771\">JosS d.o.o.<br data-start=\"1722\" data-end=\"1725\" \/>Sokolska ulica 45<br data-start=\"1742\" data-end=\"1745\" \/>2000 Maribor<br data-start=\"1757\" data-end=\"1760\" \/>Slowenien<\/p><hr data-start=\"1773\" data-end=\"1776\" \/><h2 data-section-id=\"qpfmp9\" data-start=\"1778\" data-end=\"1791\">Blattlinie<\/h2><p data-start=\"1793\" data-end=\"1954\">Diese Website dient der Information und dem Vertrieb von Produkten und Dienstleistungen im Bereich Schmierstoffe, Metallbearbeitung und industrielle Anwendungen.<\/p><hr data-start=\"1956\" data-end=\"1959\" \/><h2 data-section-id=\"1yifl89\" data-start=\"1961\" data-end=\"1983\">Haftung f\u00fcr Inhalte<\/h2><p data-start=\"1985\" data-end=\"2156\">Die Inhalte unserer Seiten wurden mit gr\u00f6\u00dfter Sorgfalt erstellt. F\u00fcr die Richtigkeit, Vollst\u00e4ndigkeit und Aktualit\u00e4t der Inhalte k\u00f6nnen wir jedoch keine Gew\u00e4hr \u00fcbernehmen.<\/p><hr data-start=\"2158\" data-end=\"2161\" \/><h2 data-section-id=\"18g7ogp\" data-start=\"2163\" data-end=\"2183\">Haftung f\u00fcr Links<\/h2><p data-start=\"2185\" data-end=\"2288\">Unsere Website enth\u00e4lt Links zu externen Websites Dritter, auf deren Inhalte wir keinen Einfluss haben.<\/p><hr data-start=\"2290\" data-end=\"2293\" \/><h2 data-section-id=\"4scjf6\" data-start=\"2295\" data-end=\"2310\">Urheberrecht<\/h2><p data-start=\"2312\" data-end=\"2419\">Die durch den Seitenbetreiber erstellten Inhalte und Werke auf dieser Website unterliegen dem Urheberrecht.<\/p><hr data-start=\"2421\" data-end=\"2424\" \/><h2 data-section-id=\"o83s5j\" data-start=\"2426\" data-end=\"2456\">Online-Streitbeilegung (EU)<\/h2><p data-start=\"2458\" data-end=\"2601\">Verbraucher haben die M\u00f6glichkeit, Beschwerden an die Online-Streitbeilegungsplattform der EU zu richten:<br data-start=\"2563\" data-end=\"2566\" \/><a class=\"decorated-link cursor-pointer\" target=\"_new\" rel=\"noopener\" data-start=\"2566\" data-end=\"2601\">https:\/\/ec.europa.eu\/consumers\/odr\/<\/a><\/p><p data-start=\"2603\" data-end=\"2677\">Sie k\u00f6nnen Beschwerden auch an die oben angegebene E-Mail-Adresse richten.<\/p><hr data-start=\"2679\" data-end=\"2682\" \/><h2 data-section-id=\"bvraml\" data-start=\"2684\" data-end=\"2713\">Verbraucherstreitbeilegung<\/h2><p data-start=\"2715\" data-end=\"2843\">Wir sind nicht verpflichtet und nicht bereit, an Streitbeilegungsverfahren vor einer Verbraucherschlichtungsstelle teilzunehmen.<\/p>\t\t\t\t\t\t\t\t<\/div>\n\t\t\t\t\t<\/div>\n\t\t<\/div>\n\t\t\t\t\t<\/div>\n\t\t<\/section>\n\t\t\t\t<section class=\"elementor-section elementor-top-section elementor-element elementor-element-f831d06 elementor-section-boxed elementor-section-height-default elementor-section-height-default default-style\" data-id=\"f831d06\" data-element_type=\"section\" data-e-type=\"section\" data-settings=\"{&quot;rt_color_sets&quot;:&quot;default-style&quot;}\">\n\t\t\t\t\t\t<div class=\"elementor-container elementor-column-gap-default\">\n\t\t\t\t\t<div class=\"elementor-column elementor-col-100 elementor-top-column elementor-element elementor-element-a71ccf1\" data-id=\"a71ccf1\" data-element_type=\"column\" data-e-type=\"column\">\n\t\t\t<div class=\"elementor-widget-wrap\">\n\t\t\t\t\t\t\t<\/div>\n\t\t<\/div>\n\t\t\t\t\t<\/div>\n\t\t<\/section>\n\t\t\t\t<\/div>\n\t\t","protected":false},"excerpt":{"rendered":"<p>\u00fcber uns Schmier.at ist ein spezialisierter Anbieter f\u00fcr Schmierstoffe und industrielle L\u00f6sungen. Als Projekt der JosS d.o.o. mit \u00fcber 30 Jahren Erfahrung bieten wir hochwertige Produkte und zuverl\u00e4ssige Beratung f\u00fcr Industrie, Handwerk und Technik. Impressum Angaben gem\u00e4\u00df \u00a7 5 ECG, \u00a7 25 Mediengesetz Websitebetreiber:Schmier.at Unternehmen:JosS d.o.o. Firmenname (vollst\u00e4ndig):JOSS podjetje za trgovino in storitve d.o.o. Sitz [&hellip;]<\/p>\n","protected":false},"author":1,"featured_media":0,"parent":0,"menu_order":0,"comment_status":"open","ping_status":"closed","template":"builder-ready.php","meta":{"footnotes":""},"class_list":["post-862","page","type-page","status-publish","hentry"],"jetpack_sharing_enabled":true,"_links":{"self":[{"href":"https:\/\/schmier.at\/index.php\/wp-json\/wp\/v2\/pages\/862","targetHints":{"allow":["GET"]}}],"collection":[{"href":"https:\/\/schmier.at\/index.php\/wp-json\/wp\/v2\/pages"}],"about":[{"href":"https:\/\/schmier.at\/index.php\/wp-json\/wp\/v2\/types\/page"}],"author":[{"embeddable":true,"href":"https:\/\/schmier.at\/index.php\/wp-json\/wp\/v2\/users\/1"}],"replies":[{"embeddable":true,"href":"https:\/\/schmier.at\/index.php\/wp-json\/wp\/v2\/comments?post=862"}],"version-history":[{"count":5,"href":"https:\/\/schmier.at\/index.php\/wp-json\/wp\/v2\/pages\/862\/revisions"}],"predecessor-version":[{"id":12613,"href":"https:\/\/schmier.at\/index.php\/wp-json\/wp\/v2\/pages\/862\/revisions\/12613"}],"wp:attachment":[{"href":"https:\/\/schmier.at\/index.php\/wp-json\/wp\/v2\/media?parent=862"}],"curies":[{"name":"wp","href":"https:\/\/api.w.org\/{rel}","templated":true}]}}